er?
True
Is 2643041 composite?
True
Is 38916431 a prime number?
False
Is 102753737 a composite number?
False
Is 6868601 a composite number?
True
Is 105690583 prime?
False
Is 14656171 a composite number?
False
Is 3985613 composite?
True
Is 444469 prime?
True
Is 16770911 a composite number?
True
Is 480613 composite?
True
Is 148395409 prime?
True
Is 265669279 a prime number?
True
Is 1102433 prime?
False
Is 1213847 composite?
True
Is 4755227 a composite number?
True
Is 972067 a prime number?
False
Is 6957029 composite?
True
Is 3068827 composite?
False
Is 111224629 a composite number?
False
Is 30309107 a prime number?
True
Is 38175695 a composite number?
True
Is 38659 a prime number?
False
Is 4943677 a prime number?
True
Is 1078241 a composite number?
False
Is 187416491 prime?
True
Is 261823 a composite number?
False
Is 13502337 a prime number?
False
Is 34297805 a composite number?
True
Is 9333283 a composite number?
False
Is 467110351 prime?
True
Is 183761887 composite?
True
Is 463230041 a composite number?
True
Is 221932307 a composite number?
False
Is 7965319 a prime number?
False
Is 2357683 a prime number?
True
Is 57367451 a composite number?
True
Is 34925459 a prime number?
True
Is 23978714 a composite number?
True
Is 3813473 a prime number?
False
Is 129917239 composite?
True
Is 110807239 a composite number?
True
Is 1605533 a prime number?
True
Is 3778259 a composite number?
True
Is 94851769 a prime number?
False
Is 199314431 a composite number?
False
Is 413429 prime?
True
Is 8741393 prime?
True
Is 175387 prime?
False
Is 3547553 composite?
False
Is 6455773 composite?
False
Is 1761707 a prime number?
False
Is 3788071 a composite number?
True
Is 140809 prime?
False
Is 46936141 prime?
False
Is 47967767 a prime number?
False
Is 3280997 composite?
True
Is 25633723 prime?
True
Is 10528187 a prime number?
False
Is 4765289 composite?
True
Is 17160769 a prime number?
False
Is 53231681 composite?
True
Is 29404081 a composite number?
True
Is 10614553 a composite number?
True
Is 186661129 a composite number?
True
Is 4313783 prime?
True
Is 6647519 composite?
False
Is 6264673 composite?
False
Is 20490941 a composite number?
True
Is 1494641 a composite number?
False
Is 30118274 composite?
True
Is 173455283 composite?
False
Is 22481441 a prime number?
False
Is 7018541 prime?
True
Is 2617789 composite?
True
Is 227658919 prime?
True
Is 500641013 a prime number?
False
Is 230597 composite?
False
Is 1060745747 prime?
True
Is 10578453 a prime number?
False
Is 37586533 a prime number?
True
Is 207361009 a prime number?
True
Is 97498529 prime?
False
Is 12237283 composite?
True
Is 14453113 a prime number?
False
Is 3339997 a composite number?
True
Is 145859243 a prime number?
False
Is 54187433 composite?
False
Is 9933811 composite?
False
Is 1921130281 a prime number?
False
Is 435182689 a composite number?
False
Is 544553 prime?
False
Is 8298467 composite?
False
Is 2074583 composite?
True
Is 199640939 composite?
True
Is 3374333 a prime number?
True
Is 816019 prime?
True
Is 11336761 composite?
False
Is 65199209 prime?
True
Is 116362997 a prime number?
True
Is 2504839 composite?
True
Is 14348747 prime?
False
Is 7435551 composite?
True
Is 373099049 composite?
True
Is 18571195 a composite number?
True
Is 18370343 composite?
False
Is 4208087 composite?
True
Is 124821071 a composite number?
True
Is 1065469 a composite number?
False
Is 42652726 a prime number?
False
Is 72332915 a composite number?
True
Is 791213 a composite number?
True
Is 129324709 a composite number?
True
Is 1576153 prime?
False
Is 51548737 prime?
True
Is 1180008457 a prime number?
True
Is 22378129 composite?
True
Is 11340419 prime?
True
Is 103610137 prime?
False
Is 698136541 a composite number?
False
Is 49800449 prime?
True
Is 8563933 prime?
False
Is 1258507 a prime number?
False
Is 31249313 a prime number?
False
Is 25279021 a prime number?
True
Is 2972821 composite?
False
Is 40760417 a composite number?
False
Is 8621491 composite?
False
Is 197067371 composite?
False
Is 4028137 composite?
False
Is 349619547 a prime number?
False
Is 78248353 a prime number?
True
Is 14108923 composite?
True
Is 411162287 a composite number?
True
Is 1251997 a prime number?
False
Is 1097949 a composite number?
True
Is 161883577 a prime number?
True
Is 2267483 a composite number?
False
Is 3967111 a prime number?
True
Is 19523447 a prime number?
False
Is 28456021 prime?
False
Is 1030789 a composite number?
True
Is 144103 a prime number?
True
Is 1337093 composite?
False
Is 309468881 a prime number?
True
Is 213973099 a composite number?
False
Is 473834773 a composite number?
True
Is 13797589 prime?
False
Is 811177073 a composite number?
True
Is 495562717 a prime number?
False
Is 223487057 composite?
True
Is 5603362 a composite number?
True
Is 4528891 a prime number?
True
Is 306296119 a composite number?
False
Is 3381373 a prime number?
False
Is 1175833 a prime number?
True
Is 5868715 a prime number?
False
Is 1273393 a prime number?
False
Is 95347613 a composite number?
False
Is 81320873 prime?
True
Is 2294357 composite?
True
Is 21477419 prime?
True
Is 141964819 prime?
False
Is 1125529 composite?
False
Is 99492982 a composite number?
True
Is 382445119 a composite number?
True
Is 25650439 composite?
True
Is 17231051 prime?
True
Is 14345699 a composite number?
False
Is 113224213 composite?
True
Is 4713547 prime?
True
Is 376089449 composite?
False
Is 7895959 composite?
False
Is 5678089 a prime number?
False
Is 12359 composite?
True
Is 21022769 composite?
True
Is 7123847 a prime number?
True
Is 55106749 a composite number?
False
Is 1011001 composite?
False
Is 17363 a composite number?
True
Is 147849173 composite?
False
Is 190765405 a composite number?
True
Is 9222821 prime?
False
Is 419966723 prime?
False
Is 40763761 prime?
False
Is 111476723 composite?
False
Is 3427169 a composite number?
False
Is 33056273 composite?
False
Is 460211 a composite number?
False
Is 296437 a prime number?
True
Is 1873121 prime?
True
Is 468967 a prime number?
True
Is 866623 prime?
True
Is 108710933 prime?
False
Is 14111511 composite?
True
Is 282937163 a prime number?
False
Is 15608891 a prime number?
True
Is 10930349 composite?
True
Is 74360107 a prime number?
True
Is 140242397 a composite number?
True
Is 2955347 a prime number?
False
Is 12421 composite?
False
Is 8930462 composite?
True
Is 7170469 a prime number?
True
Is 88373 composite?
True
Is 5609231 prime?
True
Is 5960257 a composite number?
True
Is 10589 prime?
True
Is 14304611 composite?
True
Is 62028589 a composite number?
True
Is 19395547 composite?
True
Is 42030377 a prime number?
False
Is 8523173 prime?
True
Is 3921569 prime?
False
Is 13547933 a prime number?
False
Is 449893 prime?
False
Is 405793 prime?
False
Is 82546309 a prime number?
False
Is 10197857 a prime number?
True
Is 96823237 a composite number?
True
Is 330409 composite?
False
Is 82542641 a composite number?
False
Is 363827507 a composite number?
False
Is 178982179 prime?
False
Is 15789773 a prime number?
True
Is 884623 composite?
True
Is 187145249 a prime number?
True
Is 16278047 a composite number?
False
Is 4884361 prime?
True
Is 677167 prime?
True
Is 27523687 composite?
False
Is 5748313 a prime number?
True
Is 161449039 a composite number?
False
Is 24598481 composite?
False
Is 14055134 a prime number?
False
Is 503501 a composite number?
False
Is 103451 composite?
False
Is 1143529 prime?
True
Is 20245777 a composite number?
False
Is 7280191 a prime number?
False
Is 62653379 prime?
True
Is 5727353 a prime number?
False
Is 70777349 prime?
True
Is 132188541 a prime number?
False
Is 11450921 prime?
True
Is 1559329 composite?
False
Is 201351463 prime?
True
Is 23093363 composite?
False
Is 439363 prime?
False
Is 9448853 composite?
True
Is 7101389 prime?
False
Is 760188679 composite?
True
Is 72142801 a prime number?
False
Is 16203997 a prime number?
False
Is 34612157 a composite number?
False
Is 11232987 composite?
True
Is 4935919 prime?
True
Is 3231187 a composite number?
False
Is 4889689 a composite number?
True
Is 120429065 a composite number?
True
Is 5478257 prime?
False
Is 3099857 prime?
False
Is 43748839 a composite number?
False
Is 853070087 a composite number?
False
Is 3514073 a prime number?
True
Is 225598309 a composite number?
T